{"id":2894,"date":"2011-09-30T10:25:23","date_gmt":"2011-09-30T08:25:23","guid":{"rendered":"http:\/\/comunitapastoralecassina.org\/ver2\/"},"modified":"2011-09-30T10:34:24","modified_gmt":"2011-09-30T08:34:24","slug":"jmj-2011-a-madrid-testimonianza-di-simone","status":"publish","type":"page","link":"https:\/\/comunitapastoralecassina.org\/ver2\/jmj-2011-a-madrid-testimonianza-di-simone\/","title":{"rendered":"JMJ 2011 a Madrid &#8211; Testimonianza di Simone"},"content":{"rendered":"<p style=\"text-align: justify;\"><strong><em><span style=\"text-decoration: underline;\"><img loading=\"lazy\" decoding=\"async\" class=\"alignright size-thumbnail wp-image-2891\" title=\"jmj2011\" src=\"http:\/\/comunitapastoralecassina.org\/ver2\/wp-content\/uploads\/jmj2011-150x150.jpg\" alt=\"\" width=\"150\" height=\"150\" \/>JMJ 2011 a Madrid &#8211; Testimonianza di Simone<\/span><\/em><\/strong><\/p>\n<p style=\"text-align: justify;\"><strong>Madrid, 16 &#8211; 23 Agosto 2011<\/strong> &#8211; E&#8217; stata la mia prima Giornata Mondiale della Giovent\u00f9, e non sar\u00e0 l&#8217;ultima: ho vissuto un&#8217;avventura estrema, vera ed emozionante. In quei giorni siamo riusciti a conoscere ragazzi e ragazze provenienti da ogni parte del mondo, ci siamo divertiti, abbiamo faticato, siamo sopravvissuti ai 42 gradi dei giorni pi\u00f9 caldi, abbiamo scoperto che dormire per terra non \u00e8 cos\u00ec male, ci siamo goduti la sangria e la paella, abbiamo portato a casa ricordi e, ognuno a modo suo, abbiamo incontrato il Signore.<\/p>\n<p style=\"text-align: justify;\">Armati dei nostri zaini JMJ, dei buoni pasto e di molta voglia di vivere, attraversavamo le viscere della citt\u00e0 per partecipare a messe con migliaia di persone, prendere parte a catechesi tenute in hangar giganteschi ed assistere alla via crucis con installazioni mozzafiato. Fuori dagli impegni GMG, eravamo intenti a visitare Puerta del Sol e Cibeles, a camminare tra i giardini di El Prado, a fare un salto nel monastero di San Lorenzo del Escorial e a riposarsi nel Campo del Moro a Palacio Real (dove \u00e8 severamente vietato calpestare l&#8217;erba).<\/p>\n<p style=\"text-align: justify;\">Durante questi spostamenti si incontravano volti nuovi e si parlava con tutti: &#8220;Dove alloggiate? Da dove venite? Quanto state qua? Dove andate?&#8221;. Al momento capivamo solo di essere legati agli altri dalla maglietta gialla, dallo zaino bruttino ma pratico, dall&#8217;inevitabile aria trasandata, dagli invidiati cappelli di paglia che i tedeschi scambiavano con tutti tranne che con noi; ma ripensandoci ci\u00f2 che ci legava -o meglio, che ci lega- era la fede!<\/p>\n<p style=\"text-align: justify;\">Il <strong>momento pi\u00f9 indimenticabile<\/strong> \u00e8 stata la notte del 17: una tromba d&#8217;aria ha rotto il silenzio della veglia, costringendo due milioni di persone (non si fa per dire, eravamo davvero due milioni) a rifugiarsi sotto i teli del pellegrino, cercando pressoch\u00e9 inutilmente di coprire s\u00e9 stessi e il cibo dei giorni successivi. Don Paolo stranamente non dormiva, ma aspettava impassibile che l&#8217;acqua smettesse di dargli noia. Per fortuna nel giro di qualche minuto il cielo \u00e8 tornato sereno, il Papa si \u00e8 rimesso il copricapo, e tutto si \u00e8 sistemato. Per festeggiare sono stati sparati i fuochi artificiali.<\/p>\n<p style=\"text-align: justify;\">Come ogni avventura che si rispetti, il viaggio di ritorno \u00e8 stato una piccola odissea: a causa di un ritardo a Madrid abbiamo perso la coincidenza a Barcellona! Per tornare a casa ci siamo dovuti dividere su tre voli e alcuni hanno dovuto cambiare aeroporto, ma, nonostante tutto, entro la notte del 23 (il giorno dopo) eravamo tutti a casa sani e salvi. E gi\u00e0 ci mancavano gli altri settecento pellegrini che dormivano con noi nel polisportivo di Moralzarzal.<\/p>\n<p style=\"text-align: justify;\"><em>Simone<\/em><\/p>\n","protected":false},"excerpt":{"rendered":"<p>JMJ 2011 a Madrid &#8211; Testimonianza di Simone Madrid, 16 &#8211; 23 Agosto 2011 &#8211; E&#8217; stata la mia prima Giornata Mondiale della Giovent\u00f9, e non sar\u00e0 l&#8217;ultima: ho vissuto un&#8217;avventura estrema, vera ed emozionante. In quei giorni siamo riusciti a conoscere ragazzi e ragazze provenienti da ogni parte del mondo, ci siamo divertiti, abbiamo [&hellip;]<\/p>\n","protected":false},"author":2,"featured_media":0,"parent":0,"menu_order":0,"comment_status":"closed","ping_status":"open","template":"","meta":{"footnotes":""},"class_list":["post-2894","page","type-page","status-publish"],"_links":{"self":[{"href":"https:\/\/comunitapastoralecassina.org\/ver2\/wp-json\/wp\/v2\/pages\/2894","targetHints":{"allow":["GET"]}}],"collection":[{"href":"https:\/\/comunitapastoralecassina.org\/ver2\/wp-json\/wp\/v2\/pages"}],"about":[{"href":"https:\/\/comunitapastoralecassina.org\/ver2\/wp-json\/wp\/v2\/types\/page"}],"author":[{"embeddable":true,"href":"https:\/\/comunitapastoralecassina.org\/ver2\/wp-json\/wp\/v2\/users\/2"}],"replies":[{"embeddable":true,"href":"https:\/\/comunitapastoralecassina.org\/ver2\/wp-json\/wp\/v2\/comments?post=2894"}],"version-history":[{"count":4,"href":"https:\/\/comunitapastoralecassina.org\/ver2\/wp-json\/wp\/v2\/pages\/2894\/revisions"}],"predecessor-version":[{"id":2902,"href":"https:\/\/comunitapastoralecassina.org\/ver2\/wp-json\/wp\/v2\/pages\/2894\/revisions\/2902"}],"wp:attachment":[{"href":"https:\/\/comunitapastoralecassina.org\/ver2\/wp-json\/wp\/v2\/media?parent=2894"}],"curies":[{"name":"wp","href":"https:\/\/api.w.org\/{rel}","templated":true}]}}