{"id":2898,"date":"2011-09-30T10:32:17","date_gmt":"2011-09-30T08:32:17","guid":{"rendered":"http:\/\/comunitapastoralecassina.org\/ver2\/"},"modified":"2011-09-30T10:32:17","modified_gmt":"2011-09-30T08:32:17","slug":"jmj-2011-a-madrid-testimonianza-di-chiara","status":"publish","type":"page","link":"https:\/\/comunitapastoralecassina.org\/ver2\/jmj-2011-a-madrid-testimonianza-di-chiara\/","title":{"rendered":"JMJ 2011 a Madrid &#8211; Testimonianza di Chiara"},"content":{"rendered":"<p style=\"text-align: justify;\"><span style=\"text-decoration: underline;\"><em><strong><img loading=\"lazy\" decoding=\"async\" class=\"alignright size-thumbnail wp-image-2891\" title=\"jmj2011\" src=\"http:\/\/comunitapastoralecassina.org\/ver2\/wp-content\/uploads\/jmj2011-150x150.jpg\" alt=\"\" width=\"150\" height=\"150\" \/>JMJ 2011 a Madrid &#8211; Testimonianza di Chiara<\/strong><\/em><\/span><\/p>\n<p style=\"text-align: justify;\"><strong>LA NOSTRA JMJ: &#8220;RADICATI E FONDATI IN CRISTO, SALDI NELLA FEDE&#8221;<\/strong><\/p>\n<p style=\"text-align: justify;\">Come raccontare a un mese da queste meravigliosa esperienza cosa \u00e8 stata per noi questa GMG a Madrid? Come raccontare questa settimana, tanto bella, tanto intensa, tanto importante nel nostro cammino di giovani?<br \/>\nCome raccontare questo nostro viaggio, il volo, la meravigliosa compagnia dei venti giovani dell\u2019oratorio di Segrate con cui abbiamo condiviso questa esperienza, l\u2019arena e la palestra di Moralzarzal in cui abbiamo alloggiato insieme a centinaia di altri ragazzi della diocesi di Milano, i mezzi pubblici madrileni sempre pienissimi (e mai nessuno che spingesse, sgomitasse o si lamentasse!) e  le brevi conversazioni in metropolitana con persone sconosciute ma al tempo stesso cos\u00ec vicine, cos\u00ec solidali; il pullman perso la prima sera e atteso fino a notte fonda su un marciapiede della capitale tra la stanchezza e le risate, le catechesi dei vescovi italiani, preziosissimi momenti di festa, meditazione e riflessione personale, la Via Crucis con il Papa, l\u2019ottimismo di don Paolo e don Andrea, la forza e l\u2019esempio di Madre Elisa, il loro entusiasmo; il caldo, le corse, la fatica e le attese in fila, ma anche i cori, i sorrisi, il cammino lungo ma festoso per arrivare all\u2019aeroporto militare di Cuatro Vientos.<\/p>\n<p style=\"text-align: justify;\">E come raccontare l\u2019incontro con il Papa a Cuatro Vientos, con la sua pioggia, i teli, le borse bagnate, le bandiere che non hanno mai smesso di sventolare, i canti\u2026 e il silenzio della preghiera, quel silenzio che immerso in un oceano di due milioni di giovani non ti aspetteresti mai, il silenzio che in un oceano di due milioni di giovani ha voluto gridare al mondo la gioia dello stare insieme, la bellezza del condividere con gli altri la propria vita e la propria fede.<\/p>\n<p style=\"text-align: justify;\">Il &#8220;Grazie&#8221; commosso del Papa al termine della veglia.<br \/>\n\u00ab<em>Cari amici, grazie per la vostra gioia e per la vostra resistenza! La vostra forza \u00e8 pi\u00f9 grande della pioggia. Grazie! Il Signore, con la pioggia, ci ha mandato molte benedizioni. Anche con questo siete un esempio<\/em>\u00bb.<\/p>\n<p style=\"text-align: justify;\">Un grazie che riempie il cuore.<br \/>\n\u00ab<em>Cari giovani! Abbiamo vissuto un\u2019avventura insieme. Saldi nella fede in Cristo, avete resistito alla pioggia! Prima di lasciarvi, desidero augurare a tutti la buona notte. Riposate bene. Grazie per il sacrificio che state facendo e che, non ho dubbi, offrirete generosamente al Signore. Ci vediamo domani, a Dio piacendo. Vi attendo tutti. Vi ringrazio per il meraviglioso esempio che avete dato. Come questa notte, con Cristo potrete sempre affrontare le prove della vita. Non lo dimenticate! Grazie a tutti!<\/em>\u00bb.<\/p>\n<p style=\"text-align: justify;\"><strong>Come raccontare con parole che non appaiano banali un\u2019esperienza tanto intensa, personale e al tempo stesso di apertura al mondo intero?<\/strong><\/p>\n<p style=\"text-align: justify;\">Partecipare a un\u2019avventura come la GMG ci ha fatto davvero <strong>sentir parte di una storia grande<\/strong>, di una storia con delle radici profonde. \u00abRadicati e fondati in Cristo, saldi nella fede\u00bb, recita lo slogan della GMG: noi abbiamo ripercorso queste radici interrogandoci, grazie all\u2019aiuto dei vescovi che ci hanno guidato nelle catechesi, su come essere nel mondo d\u2019oggi testimoni veri e entusiasti di una fede autentica, gioiosa, capace di creare relazioni: con Dio, tra di noi, con gli altri, nel mondo. Queste le parole del card. Tettamanzi al termine della sua catechesi: \u00ab<em>L\u2019augurio e il compito che affido a tutti e a ciascuno di voi \u00e8 che l\u2019esperienza intensa di questa Giornata Mondiale della Giovent\u00f9 susciti in voi la passione e l\u2019entusiasmo per essere testimoni di Cristo, perch\u00e9 ogni uomo possa trovare nella Chiesa una tenda accogliente, per il ristoro, il riposo, il dialogo e l\u2019amicizia, e possa trovare, incontrando Cristo, il vero volto dell\u2019uomo<\/em>\u00bb.<\/p>\n<p style=\"text-align: justify;\">Abbiamo capito che la nostra presenza l\u00ec, tra due milioni di altri giovani era davvero importante. <strong>Ma perch\u00e9 abbiamo deciso di partire?<\/strong> Per divertirci, certo; perch\u00e9 insieme \u00e8 pi\u00f9 bello; per curiosit\u00e0; soprattutto,  <strong>perch\u00e9 chiamati<\/strong>. Chiamati dal Santo Padre, chiamati dai nostri don, dalle madri, dai nostri amici; chiamati dal Signore. Ciascuno di noi ha risposto:  anche noi, nel nostro piccolo, con la nostra presenza, abbiamo voluto dire il nostro s\u00ec. Un s\u00ec partito da lontano, meditato, desiderato, atteso, preparato, organizzato, su cui tante volte, sotto il sole o sdraiati su un marciapiede sotto un cielo stellato ad attendere un pullman che sarebbe arrivato solo ore pi\u00f9 tardi o coperti da teli sotto la pioggia, si \u00e8 scherzato (ma chi ce lo ha fatto fare?!?!?!?). Un s\u00ec che non ci ha fatto tornare a casa a mani vuote, ma con il cuore pieno di sorrisi, di volti, di colori, di gioia grande, vera, autentica. Una gioia che non puoi tenere dentro, ma che vuole diventare testimonianza per tutti della bellezza dell\u2019incontro con il Signore e con gli altri, con il Signore negli altri.<\/p>\n<p style=\"text-align: justify;\">L\u2019esperienza che abbiamo vissuto <strong>ci spinge ora a reinterpretare alla luce di queste giornate straordinarie l\u2019ordinariet\u00e0 della nostra vita quotidiana<\/strong>. A capire che \u00e8 nella condivisione, nel mettersi in gioco giorno per giorno che possiamo crescere nella fede.<\/p>\n<p style=\"text-align: justify;\">\u00ab<em>Portare Cristo agli altri \u00e8 un dono che ci chiede impegno, coraggio, anche una certa lotta interiore; e diventa possibile nella misura in cui vogliamo davvero bene agli altri: tutti noi desideriamo condividere con le persone che ci sono care le gioie pi\u00f9 grandi e i beni pi\u00f9 preziosi che possediamo. [\u2026] La nostra preghiera deve essere sempre una preghiera universale e capace di intercessione per tutti gli uomini e tutti i popoli; ed \u00e8 una preghiera che nasce prima di tutto perch\u00e9 il mondo ci sta a cuore [\u2026]<\/em>\u00bb.<\/p>\n<p style=\"text-align: justify;\">Grazie a chi ci accompagnato in questa esperienza, grazie a tutti i compagni di avventura.<br \/>\nL\u2019avventura, quella vera, continua ancora adesso!<\/p>\n<p style=\"text-align: justify;\">\u00ab<em>Non \u00e8 possibile incontrare Cristo e non farlo conoscere agli altri. Quindi, non conservate Cristo per voi stessi! Comunicate agli altri la gioia della vostra fede. Il mondo ha bisogno della testimonianza della vostra fede, ha bisogno certamente di Dio. Penso che la vostra presenza qui, giovani venuti dai cinque continenti, sia una meravigliosa prova della fecondit\u00e0 del mandato di Cristo alla Chiesa: \u00abAndate in tutto il mondo e proclamate il Vangelo a ogni creatura\u00bb (Mc\u00a016,15). Anche a voi spetta lo straordinario compito di essere discepoli e missionari di Cristo in altre terre e paesi dove vi \u00e8 una moltitudine di giovani che aspirano a cose pi\u00f9 grandi e, scorgendo nei propri cuori la possibilit\u00e0 di valori pi\u00f9 autentici, non si lasciano sedurre dalle false promesse di uno stile di vita senza Dio<\/em>\u00bb.<\/p>\n<p style=\"text-align: justify;\"><em>Chiara<\/em><\/p>\n","protected":false},"excerpt":{"rendered":"<p>JMJ 2011 a Madrid &#8211; Testimonianza di Chiara LA NOSTRA JMJ: &#8220;RADICATI E FONDATI IN CRISTO, SALDI NELLA FEDE&#8221; Come raccontare a un mese da queste meravigliosa esperienza cosa \u00e8 stata per noi questa GMG a Madrid? Come raccontare questa settimana, tanto bella, tanto intensa, tanto importante nel nostro cammino di giovani? Come raccontare questo [&hellip;]<\/p>\n","protected":false},"author":2,"featured_media":0,"parent":0,"menu_order":0,"comment_status":"closed","ping_status":"open","template":"","meta":{"footnotes":""},"class_list":["post-2898","page","type-page","status-publish"],"_links":{"self":[{"href":"https:\/\/comunitapastoralecassina.org\/ver2\/wp-json\/wp\/v2\/pages\/2898","targetHints":{"allow":["GET"]}}],"collection":[{"href":"https:\/\/comunitapastoralecassina.org\/ver2\/wp-json\/wp\/v2\/pages"}],"about":[{"href":"https:\/\/comunitapastoralecassina.org\/ver2\/wp-json\/wp\/v2\/types\/page"}],"author":[{"embeddable":true,"href":"https:\/\/comunitapastoralecassina.org\/ver2\/wp-json\/wp\/v2\/users\/2"}],"replies":[{"embeddable":true,"href":"https:\/\/comunitapastoralecassina.org\/ver2\/wp-json\/wp\/v2\/comments?post=2898"}],"version-history":[{"count":4,"href":"https:\/\/comunitapastoralecassina.org\/ver2\/wp-json\/wp\/v2\/pages\/2898\/revisions"}],"predecessor-version":[{"id":2907,"href":"https:\/\/comunitapastoralecassina.org\/ver2\/wp-json\/wp\/v2\/pages\/2898\/revisions\/2907"}],"wp:attachment":[{"href":"https:\/\/comunitapastoralecassina.org\/ver2\/wp-json\/wp\/v2\/media?parent=2898"}],"curies":[{"name":"wp","href":"https:\/\/api.w.org\/{rel}","templated":true}]}}